= -17*f + 20124 + 74125. What are the prime factors of f?
2, 3, 401
Let a(x) = 6*x + 27. Let d be a(-3). Let h be (-1 + d/5)*(-45)/(-18). Suppose 343 = h*t - 3*w, t + 2*w + 2*w - 166 = 0. List the prime factors of t.
2, 5, 17
Suppose l + 92*y - 96*y = 24859, -4*l + 2*y + 99436 = 0. What are the prime factors of l?
24859
Suppose 2*r - 3*y = 46098, 2*r - 4*y - 12361 = 33735. What are the prime factors of r?
2, 3, 17, 113
Let n(v) = v**3 + 2*v**2 + 9. Let u be n(3). Suppose 6 = 4*m - 2. Suppose m*b - 4 = b, -r - b + u = 0. What are the prime factors of r?
2, 5
What are the prime factors of (-5 - -15 - (-210)/(-20))/(2/(-45680))?
2, 5, 571
Let k(u) = u**3 - 12*u**2 + 13*u - 19. Let b be k(11). Suppose -2750 = -5*h - 5*s, 6*s - 2*s = b*h - 1671. List the prime factors of h.
7, 79
Suppose 0 = 5*b + 4*w - 2056, -4*b - 4*w + 832 = -2*b. Suppose 0 = 3*x - 90 - b. List the prime factors of x.
2, 83
Let i(o) = 4*o**2 + 3*o - 23. Suppose -3*b - 5*g = 11 + 4, -2*g + 6 = 0. What are the prime factors of i(b)?
347
Suppose 3*k - 473 - 2368 = -4*g, -2*k + 2132 = 3*g. What are the prime factors of 0 + g/12 - (-1)/2?
2, 3, 5
List the prime factors of -3892*(-2)/(-12)*(-16 + -5).
2, 7, 139
Let p(t) = 11562*t**2 - 305*t - 303. List the prime factors of p(-1).
2, 7, 59
Suppose 0 = 382*b - 390*b + 111704. List the prime factors of b.
13963
Let p = 55 - 52. Suppose p*f - 3*w - 102 = 0, 0*f = -2*f - 3*w + 68. Suppose 3*g - g = k - f, -5*k - g = -137. What are the prime factors of k?
2, 7
Let b be 10/(-4)*(-12)/15. Suppose -2*x = -b*d + 20, -6*x - 5 = -2*d - x. Let k = 59 - d. What are the prime factors of k?
2, 11
What are the prime factors of ((-23)/(-2)*(-100)/(-75))/(12/13014)?
3, 23, 241
Suppose -2*w = -2*z - 106, -301 = -5*w + 3*z - 7*z. Suppose -269 = -m + w. List the prime factors of m.
2, 163
Suppose -28*r - 128684 = -399500. List the prime factors of r.
2, 3, 13, 31
Let i = 4 - -1. Suppose 2*g + 393 = i*g. Let v = -73 + g. List the prime factors of v.
2, 29
Let y = 10 - 4. Let z = 239 - -886. Suppose -y*l + z = -l. What are the prime factors of l?
3, 5
Suppose 0 = -27*x - 22*x + 27881. Let q = 144 + x. List the prime factors of q.
23, 31
Suppose 151 - 161 = -t. Suppose -5*v + 5*r = t, 2*v - 18 = -4*r + 8. Suppose -5*h - v*c + 678 = 0, 0 = -h + c + 84 + 58. What are the prime factors of h?
2, 3, 23
Let w = 191 + -84. Let c = 106 - w. What are the prime factors of (6136/78)/(c/(-3))?
2, 59
Suppose -2*o = -6*o - 5*c + 47, 3*o = -2*c + 30. Suppose o*w + 2600 = 8464. What are the prime factors of w?
733
Let w(r) = -9*r**2 + 15*r - 48. Let q(b) = -b**2 + b + 1. Let z(i) = 2*q(i) - w(i). List the prime factors of z(-13).
2, 701
Suppose 0*t - 3*t = a - 262, 5*t = a + 434. Suppose 102*c - 5100 = t*c. List the prime factors of c.
2, 5, 17
Suppose 0 = 3*s - 4*u - 18, -8*s + u = -5*s - 9. Suppose -s*v + 2*i = -108, 0 = 5*v + 5*i + 118 - 358. What are the prime factors of v?
3, 17
Let o = -62 - -97. Let s = o + -4. Let b = -28 + s. List the prime factors of b.
3
Suppose 0 = -2*w - 2*d + 7738, 2*w - 4*d - 12607 = -4887. What are the prime factors of w?
2, 1933
Suppose 0 = 4*j - f - 206, 4*j + 6*f = 5*f + 202. Let m = j + 508. List the prime factors of m.
13, 43
Suppose 52449 = 6*j + 5*s - 40089, -2*j = -3*s - 30846. What are the prime factors of j?
3, 53, 97
Suppose -30*j - 13*j = -234671 - 162262. List the prime factors of j.
3, 17, 181
Let i = 1661 - -30821. List the prime factors of i.
2, 109, 149
Suppose -4*q + 172 = m + m, -2*q + 278 = 3*m. Suppose 2*x = 5*l - 45 - 219, -2*l - 4*x = -m. List the prime factors of l.
2, 13
Suppose -3*z = -0*z - 3129. Let d = -735 + z. Let m = -219 + d. What are the prime factors of m?
89
List the prime factors of ((-8)/(-48) + 149389/(-6))*505/(-202).
5, 59, 211
Let l = 87 - 42. List the prime factors of (l/30)/(2/1164).
3, 97
Let s(g) = -4*g + 42. Let q be s(10). Let m(p) = 385*p + 18. What are the prime factors of m(q)?
2, 197
Suppose -7*k = -11*k + 92. Suppose k*c - 26138 = 450. List the prime factors of c.
2, 17
Let r = 50 - 46. Suppose 2*y - r*b = 1358, 3*y - 2669 = -4*b - 642. Suppose -5*k + 1127 = 3*w, -3*k - 4*w + y = -3*w. What are the prime factors of k?
2, 113
Let x be (-2 - 0)*(-6 - (-5691)/(-14)). Suppose 8*i - 1335 = x. What are the prime factors of i?
2, 3, 5
Let u(g) = -g**2 + 7*g + 6. Let t be u(6). Suppose 0 = 4*n + t, 18 = -h - 3*h - 2*n. List the prime factors of h/(24/2) - 159/(-12).
13
Let x = -5114 - -5122. Let g be (-2)/(-3)*3 - -1. Suppose -g*v - 484 = -x*v + 3*d, -d - 96 = -v. What are the prime factors of v?
2, 7
Suppose 0 = 11*g - 18*g - 21. List the prime factors of (3815/(-21) + -6)*g.
563
Let v = -13206 + 19944. What are the prime factors of v?
2, 3, 1123
Let x = -85070 + 153142. What are the prime factors of x?
2, 67, 127
Let r(k) = -8347*k + 2052. What are the prime factors of r(-4)?
2, 5, 443
Suppose -29*d - 121690 = -72*d. What are the prime factors of d?
2, 5, 283
Let h(t) = 168*t + 3936. What are the prime factors of h(117)?
2, 3, 983
Let d = 4741 - 2670. Suppose -24*y = -9065 - d. What are the prime factors of y?
2, 29
Let s(y) be the third derivative of -y**6/120 + 7*y**5/60 - 5*y**4/24 - 2*y**3/3 + 25*y**2. Let l be s(6). What are the prime factors of 5/(-5) - l - -109?
2, 53
Let z = -8 + 11. Suppose b = 3*s - 10, -14 = -2*s - 19*b + 16*b. Suppose s*p - z*f - 168 = 0, p - 11 = f + 32. List the prime factors of p.
3, 13
Suppose -6*h + 60 = 18. Let v(o) = 3*o**3 - 7*o**2 + 18*o - 64. What are the prime factors of v(h)?
2, 11, 17
Suppose -5*k = 5*q - 105, q + 60*k = 55*k + 29. Let j(g) = 90*g - 34. What are the prime factors of j(q)?
2, 419
Suppose 771 = -330*c + 333*c. Suppose -6*u - c + 2015 = 0. List the prime factors of u.
293
Let l = 15557 + 1585. List the prime factors of l.
2, 3, 2857
Suppose 0 = 12*s - 32*s + 29380. Let y = -1005 + s. List the prime factors of y.
2, 29
Suppose -4*n - a + 64263 = 0, 17*n + 4*a + 80355 = 22*n. What are the prime factors of n?
16067
Let m = 15 + -11. Let j be (0 - 10)*m*2/20. Let b = j - -107. What are the prime factors of b?
103
Let h be (-4 - (-165038)/8) + (-3)/(-12). Suppose 38*w = h - 1360. What are the prime factors of w?
3, 13
Let c be (-10)/(46 - 6)*-28. Suppose 0 = -a + 18 + 18. Let m = c + a. List the prime factors of m.
43
Let b(t) be the first derivative of -t**4/4 + 3*t**3 - 6*t**2 - 10*t - 2. Let u = 386 + -379. List the prime factors of b(u).
2
Let a = 8608 + -1039. List the prime factors of a.
3, 29
Let x(c) = c**2 - c + 3. Let b be x(4). Let n(f) = -82*f + 35*f + 25*f + 5 + 31*f - 24. What are the prime factors of n(b)?
2, 29
Suppose 0 = -32*i - 57*i + 709775. List the prime factors of i.
5, 11, 29
What are the prime factors of 21878/10 + -1 - 120/(-600)?
3
Let x = 310 + -525. Let f = x + 714. List the prime factors of f.
499
Suppose 1163*v = 1178*v - 97740. What are the prime factors of v?
2, 3, 181
Let y be (20/30)/(2/(-1194)). Let d = 362 - y. List the prime factors of d.
2, 5, 19
Suppose 0 = -m - m + d - 9, -6 = m - 2*d. Let h be 0 + m/(-4) - 0. List the prime factors of 0 - (h + -1 - 73).
73
Suppose 5*n - q - 46 = q, 0 = 3*q + 9. Suppose 4625 = 4*r - 3*b, -n*b - 2305 = -2*r - 5*b. List the prime factors of r.
2, 5, 29
Let o be (-25)/(-150) + (-453)/18. Let x(u) = 3*u**2 + 40*u + 77. What are the prime factors of x(o)?
2, 7, 17
Let i = -360 - -496. Let z = i + 484. List the prime factors of z.
2, 5, 31
Suppose 550 = -2*g - 3*g. Let o be (-3 + 8)/(294/190 - (-56)/(-35)). Let j = o - g. List the prime factors of j.
3, 5
Let u(a) = -a + a**3 + 2*a**3 - a - 2*a**3 + 10 + 4*a**2. Let s be u(-5). List the prime factors of (804/8 - s) + (-2)/(-4).
2, 53
Suppose 0 = 29*x - 33*x + 16. Suppose 4*a - 380 = x*w - 8*w, -4*w - 115 = -a. Suppose 2*j = -j + a. List the prime factors of j.
3, 11
Let a = 127 + -303. Let m = -133 - a. What are the prime factors of m?
43
Let r be 2 + -295 + 6/2. Suppose -w - 285 - 50 = 5*c, -2*c + 2*w = 146. Let y = c - r. List the prime factors of y.
2, 3, 37
Suppose -4*p = -12 - 0. Suppose -30*s = -28*s - 10. Suppose i - 2*r - 76 = 0, -p*r = 2*r + s. List the prime factors of i.
2, 37
Let r be (8/(-7 - -11))/1. Suppose 0 = r*c - 897 - 565. List the prime factors of c.
17, 43
Suppose 6*i + 5*r = i + 5395, -2162 = -2*i + 2